{"id":103,"date":"2024-02-08T14:42:24","date_gmt":"2024-02-08T13:42:24","guid":{"rendered":"https:\/\/www.math.u-szeged.hu\/amk2024\/?page_id=103"},"modified":"2024-03-13T11:45:18","modified_gmt":"2024-03-13T10:45:18","slug":"hasznos-informaciok","status":"publish","type":"page","link":"https:\/\/www.math.u-szeged.hu\/amk2024\/?page_id=103","title":{"rendered":"Hasznos inform\u00e1ci\u00f3k"},"content":{"rendered":"\n<div class=\"wp-block-cover alignfull is-light wp-duotone-rgb142593-rgb183183218-1\"><span aria-hidden=\"true\" class=\"wp-block-cover__background has-background-dim\"><\/span><img loading=\"lazy\" decoding=\"async\" width=\"2560\" height=\"1920\" class=\"wp-block-cover__image-background wp-image-199\" alt=\"\" src=\"https:\/\/www.math.u-szeged.hu\/amk2024\/wp-content\/uploads\/2024\/02\/Dom-scaled.jpg\" style=\"object-position:53% 50%\" data-object-fit=\"cover\" data-object-position=\"53% 50%\" srcset=\"https:\/\/www.math.u-szeged.hu\/amk2024\/wp-content\/uploads\/2024\/02\/Dom-scaled.jpg 2560w, https:\/\/www.math.u-szeged.hu\/amk2024\/wp-content\/uploads\/2024\/02\/Dom-300x225.jpg 300w, https:\/\/www.math.u-szeged.hu\/amk2024\/wp-content\/uploads\/2024\/02\/Dom-1024x768.jpg 1024w, https:\/\/www.math.u-szeged.hu\/amk2024\/wp-content\/uploads\/2024\/02\/Dom-768x576.jpg 768w, https:\/\/www.math.u-szeged.hu\/amk2024\/wp-content\/uploads\/2024\/02\/Dom-1536x1152.jpg 1536w, https:\/\/www.math.u-szeged.hu\/amk2024\/wp-content\/uploads\/2024\/02\/Dom-2048x1536.jpg 2048w\" sizes=\"(max-width: 2560px) 100vw, 2560px\" \/><div class=\"wp-block-cover__inner-container is-layout-constrained wp-block-cover-is-layout-constrained\">\n<h2 class=\"wp-block-heading has-text-align-center has-x-large-font-size\">Hasznos inform\u00e1ci\u00f3k<\/h2>\n\n\n\n<p class=\"has-text-align-center has-large-font-size\"><\/p>\n<\/div><\/div>\n\n\n\n<div style=\"height:47px\" aria-hidden=\"true\" class=\"wp-block-spacer\"><\/div>\n\n\n\n<h2 class=\"wp-block-heading\">Bolyai Int\u00e9zet:<\/h2>\n\n\n\n<p><a href=\"https:\/\/www.google.com\/maps\/place\/\/data=!4m2!3m1!1s0x4744886ff0d08539:0xff79366725596e3?sa=X&amp;ved=2ahUKEwi08Z-Sn56EAxX7hf0HHZA-BpEQ4kB6BAgOEAA&amp;hl=hu\">Szeged, Bolyai \u00e9p\u00fclet, Aradi v\u00e9rtan\u00fak tere, 6720<\/a><\/p>\n\n\n\n<p>Bolyai Int\u00e9zet honlap: <a href=\"http:\/\/www.math.u-szeged.hu\/mathweb\/index.php\/hu\/\">http:\/\/www.math.u-szeged.hu\/mathweb\/index.php\/hu\/<\/a><\/p>\n\n\n\n<h3 class=\"wp-block-heading\">Helysz\u00ednek: <\/h3>\n\n\n\n<p>SZTE Bolyai Int\u00e9zet (Aradi v\u00e9rtan\u00fak tere 1.)<\/p>\n\n\n\n<p>SZTE k\u00f6zponti \u00e9p\u00fclet, Rektori Hivatal (Dugonics t\u00e9r 13.)<\/p>\n\n\n\n<p>Szeged V\u00e1rosh\u00e1za (Sz\u00e9chenyi t\u00e9r 10-11.)<\/p>\n\n\n\n<p>H\u00e1gi \u00c9tterem (Kelemen L\u00e1szl\u00f3 u. 3.)<\/p>\n\n\n\n<p>Kisk\u0151r\u00f6ssy Hal\u00e1szcs\u00e1rda (Fels\u0151 Tisza-part 336.)<\/p>\n\n\n<p><iframe loading=\"lazy\" src=\"https:\/\/www.google.com\/maps\/d\/u\/0\/embed?mid=1YPjT8D4Trp_FyY-E1OciYMcRdgiEKVE&#038;ehbc=2E312F&#038;noprof=1\" width=\"640\" height=\"480\"><\/iframe><\/p>\n\n\n\n<p>A helysz\u00ednek r\u00f6vid s\u00e9t\u00e1val el\u00e9rhet\u0151k, a g\u00e1lavacsor\u00e1ra busszal sz\u00e1ll\u00edtjuk a r\u00e9sztvev\u0151ket.<\/p>\n\n\n\n<p>A vas\u00fat\u00e1llom\u00e1sr\u00f3l a Bolyai Int\u00e9zet <a href=\"https:\/\/www.google.com\/maps\/dir\/Szeged,+Szeged+train+station,+Ind%C3%B3h%C3%A1z+t%C3%A9r+2,+6725\/Szeged,+Bolyai+%C3%A9p%C3%BClet,+Aradi+v%C3%A9rtan%C3%BAk+tere\/@46.2436785,20.1403641,16z\/data=!3m1!4b1!4m14!4m13!1m5!1m1!1s0x474489590dd403b9:0x963ed369122a0c26!2m2!1d20.1431102!2d46.2399734!1m5!1m1!1s0x474488656014285f:0x5639653e9c57f753!2m2!1d20.1481461!2d46.2468254!3e2?entry=ttu\" data-type=\"link\" data-id=\"https:\/\/www.google.com\/maps\/dir\/Szeged,+Szeged+train+station,+Ind%C3%B3h%C3%A1z+t%C3%A9r+2,+6725\/Szeged,+Bolyai+%C3%A9p%C3%BClet,+Aradi+v%C3%A9rtan%C3%BAk+tere\/@46.2436785,20.1403641,16z\/data=!3m1!4b1!4m14!4m13!1m5!1m1!1s0x474489590dd403b9:0x963ed369122a0c26!2m2!1d20.1431102!2d46.2399734!1m5!1m1!1s0x474488656014285f:0x5639653e9c57f753!2m2!1d20.1481461!2d46.2468254!3e2?entry=ttu\">12 perces s\u00e9t\u00e1val<\/a>, illetve <a href=\"https:\/\/www.google.com\/maps\/dir\/Szeged,+Szeged+train+station,+Ind%C3%B3h%C3%A1z+t%C3%A9r+2,+6725\/Szeged,+Bolyai+%C3%A9p%C3%BClet,+Aradi+v%C3%A9rtan%C3%BAk+tere\/@46.2438293,20.1400143,16z\/data=!3m1!4b1!4m14!4m13!1m5!1m1!1s0x474489590dd403b9:0x963ed369122a0c26!2m2!1d20.1431102!2d46.2399734!1m5!1m1!1s0x474488656014285f:0x5639653e9c57f753!2m2!1d20.1481461!2d46.2468254!3e3?entry=ttu\" data-type=\"link\" data-id=\"https:\/\/www.google.com\/maps\/dir\/Szeged,+Szeged+train+station,+Ind%C3%B3h%C3%A1z+t%C3%A9r+2,+6725\/Szeged,+Bolyai+%C3%A9p%C3%BClet,+Aradi+v%C3%A9rtan%C3%BAk+tere\/@46.2438293,20.1400143,16z\/data=!3m1!4b1!4m14!4m13!1m5!1m1!1s0x474489590dd403b9:0x963ed369122a0c26!2m2!1d20.1431102!2d46.2399734!1m5!1m1!1s0x474488656014285f:0x5639653e9c57f753!2m2!1d20.1481461!2d46.2468254!3e3?entry=ttu\">villamossal<\/a> is k\u00f6nnyen el\u00e9rhet\u0151. A v\u00e1rosban <a href=\"https:\/\/szepark.hu\/\" data-type=\"link\" data-id=\"https:\/\/szepark.hu\/\">fizet\u0151s parkol\u00e1si rendszer<\/a> m\u0171k\u00f6dik.<\/p>\n\n\n\n<div style=\"height:32px\" aria-hidden=\"true\" class=\"wp-block-spacer\"><\/div>\n\n\n\n<h2 class=\"wp-block-heading\">Szegedi programok \u00e9s l\u00e1tnival\u00f3k:<\/h2>\n\n\n\n<div style=\"height:21px\" aria-hidden=\"true\" class=\"wp-block-spacer\"><\/div>\n\n\n\n<p class=\"has-medium-font-size\"><a href=\"https:\/\/szegedtourism.hu\/hu\/fooldal\/\">Szeged v\u00e1ros turisztikai honlapja<\/a><\/p>\n\n\n\n<div style=\"height:48px\" aria-hidden=\"true\" class=\"wp-block-spacer\"><\/div>\n","protected":false},"excerpt":{"rendered":"<p>Bolyai Int\u00e9zet: Szeged, Bolyai \u00e9p\u00fclet, Aradi v\u00e9rtan\u00fak tere, 6720 Bolyai Int\u00e9zet honlap: http:\/\/www.math.u-szeged.hu\/mathweb\/index.php\/hu\/ Helysz\u00ednek: SZTE Bolyai Int\u00e9zet (Aradi v\u00e9rtan\u00fak tere [&hellip;]<\/p>\n","protected":false},"author":1,"featured_media":0,"parent":0,"menu_order":0,"comment_status":"closed","ping_status":"closed","template":"","meta":{"site-sidebar-layout":"default","site-content-layout":"","ast-site-content-layout":"","site-content-style":"default","site-sidebar-style":"default","ast-global-header-display":"","ast-banner-title-visibility":"","ast-main-header-display":"","ast-hfb-above-header-display":"","ast-hfb-below-header-display":"","ast-hfb-mobile-header-display":"","site-post-title":"disabled","ast-breadcrumbs-content":"","ast-featured-img":"","footer-sml-layout":"","theme-transparent-header-meta":"","adv-header-id-meta":"","stick-header-meta":"","header-above-stick-meta":"","header-main-stick-meta":"","header-below-stick-meta":"","astra-migrate-meta-layouts":"default","ast-page-background-enabled":"default","ast-page-background-meta":{"desktop":{"background-color":"var(--ast-global-color-4)","background-image":"","background-repeat":"repeat","background-position":"center center","background-size":"auto","background-attachment":"scroll","background-type":"","background-media":"","overlay-type":"","overlay-color":"","overlay-gradient":""},"tablet":{"background-color":"","background-image":"","background-repeat":"repeat","background-position":"center center","background-size":"auto","background-attachment":"scroll","background-type":"","background-media":"","overlay-type":"","overlay-color":"","overlay-gradient":""},"mobile":{"background-color":"","background-image":"","background-repeat":"repeat","background-position":"center center","background-size":"auto","background-attachment":"scroll","background-type":"","background-media":"","overlay-type":"","overlay-color":"","overlay-gradient":""}},"ast-content-background-meta":{"desktop":{"background-color":"var(--ast-global-color-5)","background-image":"","background-repeat":"repeat","background-position":"center center","background-size":"auto","background-attachment":"scroll","background-type":"","background-media":"","overlay-type":"","overlay-color":"","overlay-gradient":""},"tablet":{"background-color":"var(--ast-global-color-5)","background-image":"","background-repeat":"repeat","background-position":"center center","background-size":"auto","background-attachment":"scroll","background-type":"","background-media":"","overlay-type":"","overlay-color":"","overlay-gradient":""},"mobile":{"background-color":"var(--ast-global-color-5)","background-image":"","background-repeat":"repeat","background-position":"center center","background-size":"auto","background-attachment":"scroll","background-type":"","background-media":"","overlay-type":"","overlay-color":"","overlay-gradient":""}},"footnotes":""},"_links":{"self":[{"href":"https:\/\/www.math.u-szeged.hu\/amk2024\/index.php?rest_route=\/wp\/v2\/pages\/103"}],"collection":[{"href":"https:\/\/www.math.u-szeged.hu\/amk2024\/index.php?rest_route=\/wp\/v2\/pages"}],"about":[{"href":"https:\/\/www.math.u-szeged.hu\/amk2024\/index.php?rest_route=\/wp\/v2\/types\/page"}],"author":[{"embeddable":true,"href":"https:\/\/www.math.u-szeged.hu\/amk2024\/index.php?rest_route=\/wp\/v2\/users\/1"}],"replies":[{"embeddable":true,"href":"https:\/\/www.math.u-szeged.hu\/amk2024\/index.php?rest_route=%2Fwp%2Fv2%2Fcomments&post=103"}],"version-history":[{"count":28,"href":"https:\/\/www.math.u-szeged.hu\/amk2024\/index.php?rest_route=\/wp\/v2\/pages\/103\/revisions"}],"predecessor-version":[{"id":452,"href":"https:\/\/www.math.u-szeged.hu\/amk2024\/index.php?rest_route=\/wp\/v2\/pages\/103\/revisions\/452"}],"wp:attachment":[{"href":"https:\/\/www.math.u-szeged.hu\/amk2024\/index.php?rest_route=%2Fwp%2Fv2%2Fmedia&parent=103"}],"curies":[{"name":"wp","href":"https:\/\/api.w.org\/{rel}","templated":true}]}}